e the prime factors of 1013560?
2, 5, 25339
What are the prime factors of 326541?
3, 89, 1223
What are the prime factors of 589246?
2, 7, 42089
List the prime factors of 3115360.
2, 5, 19471
What are the prime factors of 759131?
759131
What are the prime factors of 4687028?
2, 47, 107, 233
List the prime factors of 1106648.
2, 43, 3217
What are the prime factors of 391279?
7, 55897
What are the prime factors of 1344584?
2, 131, 1283
What are the prime factors of 140393?
11, 12763
What are the prime factors of 7776403?
7776403
What are the prime factors of 170241?
3, 56747
What are the prime factors of 2178377?
2178377
List the prime factors of 3774081.
3, 1258027
What are the prime factors of 41074394?
2, 701, 29297
List the prime factors of 107409.
3, 35803
List the prime factors of 848210.
2, 5, 11, 701
List the prime factors of 7529642.
2, 113, 33317
List the prime factors of 6984329.
11, 634939
What are the prime factors of 12457332?
2, 3, 53, 6529
What are the prime factors of 208365?
3, 5, 29, 479
List the prime factors of 4050490.
2, 5, 405049
What are the prime factors of 3903624?
2, 3, 54217
What are the prime factors of 26860?
2, 5, 17, 79
List the prime factors of 408037.
7, 71, 821
What are the prime factors of 295622?
2, 147811
What are the prime factors of 5224?
2, 653
What are the prime factors of 4942557?
3, 29, 653
List the prime factors of 3052139.
3052139
List the prime factors of 1730025.
3, 5, 11, 233
List the prime factors of 1450329.
3, 483443
List the prime factors of 2316109.
43, 61, 883
What are the prime factors of 5038552?
2, 629819
What are the prime factors of 122562?
2, 3, 11, 619
List the prime factors of 3058870.
2, 5, 499, 613
What are the prime factors of 2809016?
2, 7, 103, 487
List the prime factors of 145268.
2, 23, 1579
What are the prime factors of 139009?
13, 17, 37
List the prime factors of 14219382.
2, 3, 23, 167, 617
List the prime factors of 70620.
2, 3, 5, 11, 107
What are the prime factors of 24902441?
1301, 19141
What are the prime factors of 234501?
3, 78167
What are the prime factors of 20179547?
1361, 14827
List the prime factors of 91617.
3, 30539
What are the prime factors of 1943295?
3, 5, 129553
List the prime factors of 8775861.
3, 67, 43661
What are the prime factors of 839807?
439, 1913
What are the prime factors of 6102722?
2, 31, 257, 383
List the prime factors of 1699763.
13, 53, 2467
List the prime factors of 3213784.
2, 7, 57389
What are the prime factors of 1030757?
7, 13, 47, 241
List the prime factors of 2334941.
7, 333563
What are the prime factors of 312496?
2, 19531
What are the prime factors of 169882?
2, 29, 101
What are the prime factors of 931134?
2, 3, 311, 499
List the prime factors of 1689422.
2, 7, 17239
List the prime factors of 6050.
2, 5, 11
List the prime factors of 12809050.
2, 5, 256181
List the prime factors of 5466447.
3, 7, 31, 311
List the prime factors of 982849.
7, 140407
What are the prime factors of 347894?
2, 47, 3701
What are the prime factors of 5458570?
2, 5, 13, 199, 211
What are the prime factors of 1274187?
3, 424729
What are the prime factors of 1717752?
2, 3, 19, 3767
List the prime factors of 9445986.
2, 3, 11, 4337
List the prime factors of 192225.
3, 5, 11, 233
What are the prime factors of 5622227?
13, 432479
List the prime factors of 217743.
3, 181, 401
What are the prime factors of 156011?
156011
List the prime factors of 20029433.
97, 206489
List the prime factors of 12098537.
11, 1099867
List the prime factors of 4354.
2, 7, 311
List the prime factors of 116714.
2, 13, 67
List the prime factors of 24744.
2, 3, 1031
List the prime factors of 1177115.
5, 47, 5009
List the prime factors of 72281.
11, 6571
List the prime factors of 5425668.
2, 3, 29, 5197
List the prime factors of 301470.
2, 3, 5, 13, 773
List the prime factors of 669893.
7, 83, 1153
What are the prime factors of 434760?
2, 3, 5, 3623
What are the prime factors of 500367?
3, 7, 23827
What are the prime factors of 9096921?
3, 17, 19819
What are the prime factors of 1988333?
941, 2113
What are the prime factors of 297322?
2, 47, 3163
List the prime factors of 210629.
347, 607
What are the prime factors of 233346?
2, 3, 38891
What are the prime factors of 2415371?
7, 89, 3877
List the prime factors of 334208.
2, 7, 373
List the prime factors of 524541.
3, 53, 3299
What are the prime factors of 1089726?
2, 3, 11, 19, 79
What are the prime factors of 508586?
2, 13, 31, 631
List the prime factors of 1461892.
2, 365473
What are the prime factors of 27430?
2, 5, 13, 211
List the prime factors of 156081.
3, 52027
List the prime factors of 29305.
5, 5861
List the prime factors of 135386.
2, 139, 487
List the prime factors of 1909992.
2, 3, 7, 11369
What are the prime factors of 1988084?
2, 7, 19, 37, 101
List the prime factors of 8055683.
59, 136537
List the prime factors of 863227.
19, 45433
List the prime factors of 3021575.
5, 120863
List the prime factors of 488001.
3, 47, 3461
List the prime factors of 2377671.
3, 17, 23, 2027
List the prime factors of 1727465.
5, 439, 787
List the prime factors of 318809.
318809
List the prime factors of 7974019.
251, 31769
What are the prime factors of 460531?
460531
List the prime factors of 4705263.
3, 229, 761
List the prime factors of 508322.
2, 254161
What are the prime factors of 2563711?
2563711
What are the prime factors of 158300?
2, 5, 1583
What are the prime factors of 989199?
3, 36637
List the prime factors of 3750160.
2, 5, 46877
List the prime factors of 415490.
2, 5, 41549
What are the prime factors of 1422938?
2, 11, 64679
List the prime factors of 137827.
137827
List the prime factors of 25084536.
2, 3, 23, 29, 1567
What are the prime factors of 8438265?
3, 5, 11, 17047
List the prime factors of 2076940.
2, 5, 113, 919
What are the prime factors of 1140610?
2, 5, 167, 683
List the prime factors of 473061.
3, 137, 1151
What are the prime factors of 455588?
2, 7, 53, 307
List the prime factors of 435253.
7, 13, 4783
What are the prime factors of 7477209?
3, 830801
What are the prime factors of 214965?
3, 5, 17, 281
List the prime factors of 3155335.
5, 31, 20357
What are the prime factors of 2284350?
2, 3, 5, 97, 157
List the prime factors of 7447129.
1949, 3821
List the prime factors of 63160.
2, 5, 1579
What are the prime factors of 21331597?
7, 1627, 1873
What are the prime factors of 25721741?
1229, 20929
List the prime factors of 1127851.
23, 49037
What are the prime factors of 7953422?
2, 31, 163, 787
What are the prime factors of 23353087?
17, 103, 13337
What are the prime factors of 1947922?
2, 181, 5381
List the prime factors of 2128495.
5, 103, 4133
What are the prime factors of 89468?
2, 22367
What are the prime factors of 366247?
7, 52321
List the prime factors of 50028.
2, 3, 11, 379
List the prime factors of 8301708.
2, 3, 19, 53, 229
List the prime factors of 649394.
2, 324697
List the prime factors of 11366377.
11, 93937
List the prime factors of 5151695.
5, 37, 27847
List the prime factors of 1054636.
2, 11, 2179
List the prime factors of 2618683.
251, 10433
What are the prime factors of 319056?
2, 3, 17, 23
What are the prime factors of 10860258?
2, 3, 1810043
List the prime factors of 24973.
13, 17, 113
What are the prime factors of 223966?
2, 113, 991
List the prime factors of 1108695.
3, 5, 7, 10559
What are the prime factors of 8882992?
2, 83, 6689
List the prime factors of 39725667.
3, 1471321
What are the prime factors of 36523312?
2, 7, 326101
List the prime factors of 117433.
43, 2731
What are the prime factors of 1107514?
2, 553757
What are the prime factors of 28928538?
2, 3, 1607141
What are the prime factors of 156998?
2, 23, 3413
List the prime factors of 4702143.
3, 23, 68147
List the prime factors of 16567566.
2, 3, 71, 38891
List the prime factors of 912440.
2, 5, 22811
List the prime factors of 63801.
3, 17, 139
What are the prime factors of 253229?
253229
What are the prime factors of 2246634?
2, 3, 13, 9601
List the prime factors of 3632033.
17, 213649
What are the prime factors of 186373?
11, 16943
What are the prime factors of 15912272?
2, 17, 19, 3079
List the prime factors of 3740671.
11, 340061
List the prime factors of 309176.
2, 7, 5521
List the prime factors of 83243.
83243
What a